are the prime factors of 8498475?
3, 5, 107, 353
What are the prime factors of 75032423?
467, 160669
What are the prime factors of 1132969?
1132969
What are the prime factors of 601450601?
1613, 372877
What are the prime factors of 915577928?
2, 19, 23, 101, 2593
List the prime factors of 2969293415.
5, 11, 4907923
What are the prime factors of 51898638?
2, 3, 11, 107, 7349
What are the prime factors of 1954086853?
1954086853
What are the prime factors of 161736832?
2, 1263569
What are the prime factors of 780025852?
2, 195006463
What are the prime factors of 449137427?
449137427
What are the prime factors of 370269868?
2, 139, 665953
What are the prime factors of 86627812?
2, 59, 593, 619
List the prime factors of 105885824.
2, 11, 157, 479
What are the prime factors of 659593754?
2, 329796877
What are the prime factors of 6376090079?
79, 2083, 38747
What are the prime factors of 1680320452?
2, 2927, 143519
What are the prime factors of 2373780755?
5, 179, 2652269
What are the prime factors of 476220687?
3, 29, 5473801
What are the prime factors of 3054893043?
3, 20399, 49919
What are the prime factors of 901029356?
2, 59, 401, 9521
List the prime factors of 1310380219.
23, 56973053
List the prime factors of 464563395.
3, 5, 19, 543349
What are the prime factors of 1611617259?
3, 7, 19, 1667, 2423
List the prime factors of 3505287809.
193, 3359, 5407
What are the prime factors of 715090209?
3, 757, 314879
List the prime factors of 37545184.
2, 89, 13183
What are the prime factors of 706923348?
2, 3, 19, 149, 20809
What are the prime factors of 1014317177?
373, 2719349
List the prime factors of 31935575.
5, 7, 182489
What are the prime factors of 286551116?
2, 17, 127, 33181
What are the prime factors of 3231560830?
2, 5, 157, 877, 2347
What are the prime factors of 5117578469?
61, 2441, 34369
List the prime factors of 1647356838.
2, 3, 274559473
What are the prime factors of 133638771?
3, 7, 223, 28537
What are the prime factors of 132157499?
132157499
List the prime factors of 783994227.
3, 2347, 111347
What are the prime factors of 2228558325?
3, 5, 7, 59, 71947
What are the prime factors of 267150477?
3, 11, 8095469
List the prime factors of 62902888.
2, 167, 197, 239
What are the prime factors of 173626262?
2, 59, 1471409
List the prime factors of 2947866772.
2, 839, 878387
What are the prime factors of 6804709?
17, 400277
What are the prime factors of 64868025?
3, 5, 53, 16319
What are the prime factors of 34783999?
113, 307823
What are the prime factors of 2134378440?
2, 3, 5, 5928829
List the prime factors of 42581397.
3, 193, 251, 293
What are the prime factors of 102792441?
3, 34264147
List the prime factors of 1056663700.
2, 5, 23, 67, 6857
List the prime factors of 39640077.
3, 193, 7607
List the prime factors of 37113624.
2, 3, 499, 1033
List the prime factors of 189500169.
3, 401, 157523
What are the prime factors of 75351960?
2, 3, 5, 209311
What are the prime factors of 155920714?
2, 47, 373, 4447
What are the prime factors of 3713632?
2, 13, 79, 113
What are the prime factors of 823283677?
757, 1087561
List the prime factors of 88608577.
88608577
List the prime factors of 6023064499.
37, 3023, 53849
What are the prime factors of 46046883?
3, 1249, 12289
List the prime factors of 618416581.
618416581
What are the prime factors of 39904156?
2, 593, 16823
List the prime factors of 2919212574.
2, 3, 486535429
List the prime factors of 84871279.
103, 823993
What are the prime factors of 689541057?
3, 1999, 38327
What are the prime factors of 1593315284?
2, 11, 1013, 35747
What are the prime factors of 1606502111?
653, 2460187
What are the prime factors of 1087696591?
19, 29, 1974041
List the prime factors of 44615234.
2, 22307617
What are the prime factors of 4682984360?
2, 5, 4969, 23561
List the prime factors of 3158720228.
2, 789680057
What are the prime factors of 111315355?
5, 157, 141803
List the prime factors of 157428863.
1117, 140939
What are the prime factors of 23932831?
13, 73, 25219
What are the prime factors of 249953059?
29, 8619071
What are the prime factors of 217510710?
2, 3, 5, 269, 26953
List the prime factors of 286678882.
2, 7, 139, 179, 823
What are the prime factors of 7705903133?
1721, 4477573
What are the prime factors of 617962351?
53, 11659667
What are the prime factors of 7007876461?
31, 277, 816103
List the prime factors of 946835157.
3, 315611719
List the prime factors of 62464554.
2, 3, 1156751
List the prime factors of 3465987710.
2, 5, 17, 101, 337, 599
List the prime factors of 748271.
748271
What are the prime factors of 4227363302?
2, 41, 51553211
List the prime factors of 39995262.
2, 3, 740653
What are the prime factors of 3326837054?
2, 1663418527
What are the prime factors of 130418428?
2, 7, 223, 20887
What are the prime factors of 54939533?
11, 31, 367, 439
List the prime factors of 22230421.
22230421
List the prime factors of 377389588.
2, 677, 139361
List the prime factors of 99901984.
2, 7, 13, 29
List the prime factors of 106717899.
3, 71, 281, 1783
What are the prime factors of 1801741821?
3, 11, 17, 199, 16139
List the prime factors of 25922247.
3, 13, 53, 12541
List the prime factors of 45912403.
45912403
What are the prime factors of 4558718416?
2, 7, 40702843
What are the prime factors of 167928955?
5, 4637, 7243
What are the prime factors of 2424456?
2, 3, 151, 223
List the prime factors of 23302771.
421, 55351
List the prime factors of 7591990.
2, 5, 7, 108457
List the prime factors of 33944346.
2, 3, 209533
List the prime factors of 1434794753.
7, 6659, 30781
List the prime factors of 1104784552.
2, 43, 3211583
List the prime factors of 166242561.
3, 55414187
What are the prime factors of 553323727?
11, 251, 200407
List the prime factors of 16808797.
16808797
What are the prime factors of 641469294?
2, 3, 3959687
List the prime factors of 52535653.
52535653
What are the prime factors of 15250969?
59, 258491
What are the prime factors of 206959462?
2, 17, 71, 85733
List the prime factors of 1005627755.
5, 11, 31, 589811
List the prime factors of 104709567.
3, 34903189
What are the prime factors of 278025736?
2, 34753217
What are the prime factors of 471357345?
3, 5, 31423823
What are the prime factors of 215131588?
2, 7, 7683271
What are the prime factors of 301850537?
2053, 147029
List the prime factors of 656381186.
2, 17, 29, 179, 3719
What are the prime factors of 73699416?
2, 3, 7, 79, 617
List the prime factors of 2853889624.
2, 37, 41, 235159
List the prime factors of 6769183.
2381, 2843
List the prime factors of 455647717.
7, 193, 6883
What are the prime factors of 44208583?
44208583
What are the prime factors of 45328471?
19, 2385709
List the prime factors of 44113883.
11, 4010353
List the prime factors of 281033330.
2, 5, 2687, 10459
What are the prime factors of 79679790?
2, 3, 5, 885331
What are the prime factors of 99068228?
2, 7, 3538151
List the prime factors of 34835511.
3, 67, 71, 2441
What are the prime factors of 161592026?
2, 31, 661, 3943
What are the prime factors of 1064306550?
2, 3, 5, 7095377
List the prime factors of 277379240.
2, 5, 43, 161267
What are the prime factors of 99886?
2, 49943
List the prime factors of 3786452044.
2, 946613011
What are the prime factors of 351875999?
61, 1153, 5003
What are the prime factors of 327858516?
2, 3, 59, 5717
List the prime factors of 685626661.
13331, 51431
What are the prime factors of 744323143?
41, 257, 70639
List the prime factors of 747297980.
2, 5, 11, 13, 41, 6373
What are the prime factors of 386746549?
7, 17, 3249971
What are the prime factors of 1118221660?
2, 5, 2789, 20047
List the prime factors of 886054274.
2, 7, 89, 257, 2767
List the prime factors of 1018666407.
3, 11, 491, 62869
What are the prime factors of 1019314731?
3, 1997, 170141
List the prime factors of 352531547.
352531547
List the prime factors of 7476588427.
7, 11, 2617, 3373
List the prime factors of 5197253158.
2, 17, 152860387
What are the prime factors of 854063118?
2, 3, 71, 563, 1187
List the prime factors of 45317001.
3, 15105667
What are the prime factors of 68921828?
2, 67, 257171
List the prime factors of 179681512.
2, 22460189
List the prime factors of 471488357.
471488357
List the prime factors of 223171287.
3, 53, 79